{"id":399,"date":"2013-09-22T20:52:06","date_gmt":"2013-09-22T19:52:06","guid":{"rendered":"https:\/\/www.50ansplacedesarts.uqam.ca\/?page_id=399"},"modified":"2013-10-23T20:13:22","modified_gmt":"2013-10-23T19:13:22","slug":"marc-blondeau","status":"publish","type":"page","link":"https:\/\/www.50ansplacedesarts.uqam.ca\/?page_id=399","title":{"rendered":"Marc Blondeau"},"content":{"rendered":"<p>Pr\u00e9sident-directeur g\u00e9n\u00e9ral de la Place des Arts<\/p>\n<blockquote><p><a href=\"https:\/\/www.50ansplacedesarts.uqam.ca\/wp-content\/uploads\/MarcBlondeau_50ansPdA.jpg\"><img loading=\"lazy\" decoding=\"async\" class=\"size-full wp-image-429 alignnone\" style=\"border: 0px;\" alt=\"MarcBlondeau_50ansPdA\" src=\"https:\/\/www.50ansplacedesarts.uqam.ca\/wp-content\/uploads\/MarcBlondeau_50ansPdA.jpg\" width=\"200\" height=\"200\" srcset=\"https:\/\/www.50ansplacedesarts.uqam.ca\/wp-content\/uploads\/MarcBlondeau_50ansPdA.jpg 200w, https:\/\/www.50ansplacedesarts.uqam.ca\/wp-content\/uploads\/MarcBlondeau_50ansPdA-150x150.jpg 150w\" sizes=\"auto, (max-width: 200px) 100vw, 200px\" \/><\/a><\/p>\n<p dir=\"ltr\">Marc Blondeau est pr\u00e9sident-directeur g\u00e9n\u00e9ral de la Soci\u00e9t\u00e9 de la Place des Arts de Montr\u00e9al. Figure bien connue du domaine des m\u00e9dias et des communications qu\u00e9b\u00e9cois et canadien, il a occup\u00e9 plusieurs postes de direction au sein des organisations T\u00e9l\u00e9m\u00e9dia Communications, Groupe TVA et Rogers Media. Il a aussi \u00e9t\u00e9 impliqu\u00e9 pendant plusieurs ann\u00e9es aupr\u00e8s de l\u2019\u00c9cole nationale de th\u00e9\u00e2tre du Canada dont il fut pr\u00e9sident du conseil d\u2019administration.<\/p>\n<\/blockquote>\n<p>&nbsp;<\/p>\n","protected":false},"excerpt":{"rendered":"<p>Pr\u00e9sident-directeur g\u00e9n\u00e9ral de la Place des Arts Marc Blondeau est pr\u00e9sident-directeur g\u00e9n\u00e9ral de la Soci\u00e9t\u00e9 de la Place des Arts de Montr\u00e9al. Figure bien connue du domaine des m\u00e9dias et des communications qu\u00e9b\u00e9cois et canadien, il a occup\u00e9 plusieurs postes &hellip; <a href=\"https:\/\/www.50ansplacedesarts.uqam.ca\/?page_id=399\">Continuer la lecture <span class=\"meta-nav\">&rarr;<\/span><\/a><\/p>\n","protected":false},"author":101011,"featured_media":0,"parent":0,"menu_order":0,"comment_status":"closed","ping_status":"closed","template":"","meta":{"footnotes":""},"class_list":["post-399","page","type-page","status-publish","hentry"],"_links":{"self":[{"href":"https:\/\/www.50ansplacedesarts.uqam.ca\/index.php?rest_route=\/wp\/v2\/pages\/399","targetHints":{"allow":["GET"]}}],"collection":[{"href":"https:\/\/www.50ansplacedesarts.uqam.ca\/index.php?rest_route=\/wp\/v2\/pages"}],"about":[{"href":"https:\/\/www.50ansplacedesarts.uqam.ca\/index.php?rest_route=\/wp\/v2\/types\/page"}],"author":[{"embeddable":true,"href":"https:\/\/www.50ansplacedesarts.uqam.ca\/index.php?rest_route=\/wp\/v2\/users\/101011"}],"replies":[{"embeddable":true,"href":"https:\/\/www.50ansplacedesarts.uqam.ca\/index.php?rest_route=%2Fwp%2Fv2%2Fcomments&post=399"}],"version-history":[{"count":7,"href":"https:\/\/www.50ansplacedesarts.uqam.ca\/index.php?rest_route=\/wp\/v2\/pages\/399\/revisions"}],"predecessor-version":[{"id":596,"href":"https:\/\/www.50ansplacedesarts.uqam.ca\/index.php?rest_route=\/wp\/v2\/pages\/399\/revisions\/596"}],"wp:attachment":[{"href":"https:\/\/www.50ansplacedesarts.uqam.ca\/index.php?rest_route=%2Fwp%2Fv2%2Fmedia&parent=399"}],"curies":[{"name":"wp","href":"https:\/\/api.w.org\/{rel}","templated":true}]}}

<p>Président-directeur général de la Place des Arts</p>
<blockquote><p><a href="https://www.50ansplacedesarts.uqam.ca/wp-content/uploads/MarcBlondeau_50ansPdA.jpg"><img loading="lazy" decoding="async" class="size-full wp-image-429 alignnone" style="border: 0px;" alt="MarcBlondeau_50ansPdA" src="https://www.50ansplacedesarts.uqam.ca/wp-content/uploads/MarcBlondeau_50ansPdA.jpg" width="200" height="200" srcset="https://www.50ansplacedesarts.uqam.ca/wp-content/uploads/MarcBlondeau_50ansPdA.jpg 200w, https://www.50ansplacedesarts.uqam.ca/wp-content/uploads/MarcBlondeau_50ansPdA-150x150.jpg 150w" sizes="auto, (max-width: 200px) 100vw, 200px" /></a></p>
<p dir="ltr">Marc Blondeau est président-directeur général de la Société de la Place des Arts de Montréal. Figure bien connue du domaine des médias et des communications québécois et canadien, il a occupé plusieurs postes de direction au sein des organisations Télémédia Communications, Groupe TVA et Rogers Media. Il a aussi été impliqué pendant plusieurs années auprès de l’École nationale de théâtre du Canada dont il fut président du conseil d’administration.</p>
</blockquote>
<p>&nbsp;</p>

<p>Président-directeur général de la Place des Arts Marc Blondeau est président-directeur général de la Société de la Place des Arts de Montréal. Figure bien connue du domaine des médias et des communications québécois et canadien, il a occupé plusieurs postes &hellip; <a href="https://www.50ansplacedesarts.uqam.ca/?page_id=399">Continuer la lecture <span class="meta-nav">&rarr;</span></a></p>
