{"id":71,"date":"2013-09-02T20:46:13","date_gmt":"2013-09-02T19:46:13","guid":{"rendered":"https:\/\/www.50ansplacedesarts.uqam.ca\/?page_id=71"},"modified":"2013-10-03T13:42:47","modified_gmt":"2013-10-03T12:42:47","slug":"gerald-mcnichols-tetreault","status":"publish","type":"page","link":"https:\/\/www.50ansplacedesarts.uqam.ca\/?page_id=71","title":{"rendered":"G\u00e9rald McNichols-T\u00e9treault"},"content":{"rendered":"<blockquote><p><a href=\"https:\/\/www.50ansplacedesarts.uqam.ca\/wp-content\/uploads\/GeraldMcNicholsTetreault_50ansPdA.jpg\"><img loading=\"lazy\" decoding=\"async\" class=\"size-full wp-image-565 alignnone\" style=\"border: 0px;\" alt=\"GeraldMcNicholsTetreault_50ansPdA\" src=\"https:\/\/www.50ansplacedesarts.uqam.ca\/wp-content\/uploads\/GeraldMcNicholsTetreault_50ansPdA.jpg\" width=\"200\" height=\"200\" srcset=\"https:\/\/www.50ansplacedesarts.uqam.ca\/wp-content\/uploads\/GeraldMcNicholsTetreault_50ansPdA.jpg 200w, https:\/\/www.50ansplacedesarts.uqam.ca\/wp-content\/uploads\/GeraldMcNicholsTetreault_50ansPdA-150x150.jpg 150w\" sizes=\"auto, (max-width: 200px) 100vw, 200px\" \/><\/a><\/p>\n<p>G\u00e9rald McNichols T\u00e9treault a \u00e9t\u00e9 dipl\u00f4m\u00e9 en 1986 de l\u2019\u00c9cole d\u2019architecture de l\u2019universit\u00e9 de Montr\u00e9al o\u00f9 il a \u00e9t\u00e9 membre de l\u2019Unit\u00e9 d\u2019architecture alors dirig\u00e9e par les professeurs Melvin Charney, Alan Knight et Denys Marchand. \u00a0Il a \u00e9t\u00e9 charg\u00e9 de projet \u00e0 la Soci\u00e9t\u00e9 immobili\u00e8re du patrimoine architectural de Montr\u00e9al de 1989 \u00e0 1996 o\u00f9 il a notamment con\u00e7u et mis en \u0153uvre le projet de r\u00e9habilitation du march\u00e9 Bonsecours. \u00c0 titre d\u2019urbaniste, il a fond\u00e9 sa propre agence professionnelles en 1997 et dirig\u00e9 la conception et la mise en \u0153uvre de la r\u00e9habilitation du Th\u00e9\u00e2tre Corona dans le Sud-Ouest de Montr\u00e9al. Il a \u00e9t\u00e9 membre de 2007 \u00e0 2010 du Conseil du patrimoine de Montr\u00e9al. Il agit depuis l\u2019ann\u00e9e 2003 \u00e0 titre de et de conservateur en chef des biens immobiliers et de directeur de projet du Plan de conservation et de restauration du Site du S\u00e9minaire de Saint-Sulpice dans l\u2019arrondissement historique du Vieux-Montr\u00e9al.<\/p>\n<p>C\u2019est \u00e0 titre de consultant en urbanisme, qu\u2019 il a r\u00e9alis\u00e9 de 2003 \u00e0 2010, pour le compte de la Soci\u00e9t\u00e9 de la Place des arts, une analyse exhaustive des archives et de la documentation iconographique de la soci\u00e9t\u00e9 \u00e9tablissant une chronologie illustr\u00e9e des \u00e9tapes du d\u00e9veloppement de son quadrilat\u00e8re.<\/p>\n<p>&nbsp;<\/p><\/blockquote>\n<p><a title=\"Communications\" href=\"https:\/\/www.50ansplacedesarts.uqam.ca\/?page_id=20\">L\u2019implication m\u00e9connue de l\u2019agence de designer industriel Raymond Loewy et associ\u00e9s dans l\u2019\u00e9laboration et la mise en \u0153uvre du concept d\u2019am\u00e9nagement initial de la Place des Arts et de la Salle Wilfrid-Pelletier<\/a><\/p>\n","protected":false},"excerpt":{"rendered":"<p>G\u00e9rald McNichols T\u00e9treault a \u00e9t\u00e9 dipl\u00f4m\u00e9 en 1986 de l\u2019\u00c9cole d\u2019architecture de l\u2019universit\u00e9 de Montr\u00e9al o\u00f9 il a \u00e9t\u00e9 membre de l\u2019Unit\u00e9 d\u2019architecture alors dirig\u00e9e par les professeurs Melvin Charney, Alan Knight et Denys Marchand. \u00a0Il a \u00e9t\u00e9 charg\u00e9 de &hellip; <a href=\"https:\/\/www.50ansplacedesarts.uqam.ca\/?page_id=71\">Continuer la lecture <span class=\"meta-nav\">&rarr;<\/span><\/a><\/p>\n","protected":false},"author":101011,"featured_media":0,"parent":16,"menu_order":0,"comment_status":"closed","ping_status":"closed","template":"","meta":{"footnotes":""},"class_list":["post-71","page","type-page","status-publish","hentry"],"_links":{"self":[{"href":"https:\/\/www.50ansplacedesarts.uqam.ca\/index.php?rest_route=\/wp\/v2\/pages\/71","targetHints":{"allow":["GET"]}}],"collection":[{"href":"https:\/\/www.50ansplacedesarts.uqam.ca\/index.php?rest_route=\/wp\/v2\/pages"}],"about":[{"href":"https:\/\/www.50ansplacedesarts.uqam.ca\/index.php?rest_route=\/wp\/v2\/types\/page"}],"author":[{"embeddable":true,"href":"https:\/\/www.50ansplacedesarts.uqam.ca\/index.php?rest_route=\/wp\/v2\/users\/101011"}],"replies":[{"embeddable":true,"href":"https:\/\/www.50ansplacedesarts.uqam.ca\/index.php?rest_route=%2Fwp%2Fv2%2Fcomments&post=71"}],"version-history":[{"count":11,"href":"https:\/\/www.50ansplacedesarts.uqam.ca\/index.php?rest_route=\/wp\/v2\/pages\/71\/revisions"}],"predecessor-version":[{"id":567,"href":"https:\/\/www.50ansplacedesarts.uqam.ca\/index.php?rest_route=\/wp\/v2\/pages\/71\/revisions\/567"}],"up":[{"embeddable":true,"href":"https:\/\/www.50ansplacedesarts.uqam.ca\/index.php?rest_route=\/wp\/v2\/pages\/16"}],"wp:attachment":[{"href":"https:\/\/www.50ansplacedesarts.uqam.ca\/index.php?rest_route=%2Fwp%2Fv2%2Fmedia&parent=71"}],"curies":[{"name":"wp","href":"https:\/\/api.w.org\/{rel}","templated":true}]}}